= -16 - -26. List the prime factors of r.
2, 5
Suppose -6*w + 3*w - 4*v = -62, 2*v = 5*w - 138. Let x = w - 12. Suppose 5*u - 83 = 2*b, 2*b = 2*u + 6*b - x. List the prime factors of u.
3, 5
Let p(s) = -s**3 - s. Let f be p(0). Suppose -5*j + 0*j = f. What are the prime factors of -2*(1 - j) + 14?
2, 3
Let r be 6/(-3 + (5 - 0)). Let p = 4 + -1. Suppose r*z - 39 = p*d, 3*z = -4*d - 0*d + 18. What are the prime factors of z?
2, 5
Suppose 3*o - 5*z - 448 = 0, -4*o + 4*z + 544 = -48. What are the prime factors of o?
2, 73
Let l(n) = -n**3 + 7*n**2 + n. What are the prime factors of l(6)?
2, 3, 7
Suppose -2*r = -2*s - r + 14, -2*r = -2*s + 14. Let z be (-2)/2*(1 - 1). Suppose -2*f + s*f - 65 = z. What are the prime factors of f?
13
List the prime factors of 4/10 - (-268)/5.
2, 3
Suppose 4*d = 5 + 15. Suppose -v - 4*m + 54 = 0, -3*v - d*m = -4*v + 45. Suppose -4*y - y = -v. List the prime factors of y.
2, 5
Let l be (-12)/(-15)*(2 - 7). Let j be l/6 + 8/12. Let d = j + 4. What are the prime factors of d?
2
Suppose 2*u + 1142 = 4*i, -3*i + 14*u - 15*u = -844. What are the prime factors of i?
283
Let t = -2 - -1. Let u = t - -4. What are the prime factors of u?
3
Let c = 72 + -72. Suppose -3*o = -5*k + 8, 3*o + 0*k = -2*k + 20. Suppose 2*n - o - 8 = c. What are the prime factors of n?
2, 3
Let z(h) = h**3 - 4*h**2 - 7*h + 2. Let b be z(5). Let y = b + 40. List the prime factors of y.
2
Let l(t) = -2*t - 19. List the prime factors of l(-15).
11
What are the prime factors of 1 - 0 - 1*-34*10?
11, 31
Let w be 1 + 2 + 2*1. Suppose -4*d = 3*x + 7, w*d = 2*x + 3 - 29. What are the prime factors of 22/((6/1)/x)?
11
Let w(x) = 4*x**2 - 4*x + 5*x - x**3 + 4*x + 5. Let c be w(5). Suppose 3*y - c*y + 24 = 0. List the prime factors of y.
2, 3
Let g = -9 + 10. List the prime factors of g*(10*8)/4.
2, 5
Let k(b) = b**2 + 5*b - 7. Let z be k(-5). Let u(v) = -v**3 - 7*v**2 - 7*v - 17. What are the prime factors of u(z)?
2
Suppose 0 = -3*n + 2*m + 58, -3*m = -2*n - m + 38. What are the prime factors of n?
2, 5
What are the prime factors of (112/(-32))/((-2)/44)?
7, 11
Suppose -2*k - j = -3 - 4, 3*k - 7 = -5*j. Suppose -k*q = -7 - 1. Suppose -2*a - 56 = -4*n, q*n + 18 = -3*a + 46. What are the prime factors of n?
2, 7
Let y = 1 + 4. Suppose 19 = g + 3*j, 3*j + y = 4*j. List the prime factors of g.
2
Let g be 2 - 0/(12/3). Suppose 0 = -g*h + 7*h - 105. List the prime factors of h.
3, 7
Suppose 6*i - i + 14 = 4*p, -3*i - 7 = -p. Let x(y) = 14*y**2. What are the prime factors of x(p)?
2, 7
Let x(b) = 14*b**3 - 26*b**2 - 2*b + 17. Let u(s) = -5*s**3 + 9*s**2 + s - 6. Let h(d) = 11*u(d) + 4*x(d). What are the prime factors of h(5)?
17
Suppose 3 = -5*m + 23, -4*g - 4 = -4*m. List the prime factors of g + (-168)/(-4) + -3.
2, 3, 7
Suppose 5*x - 2*g + 15 = 0, -19 = x + 3*g + 1. What are the prime factors of 14/2 - (4 + x)?
2
Suppose -5*w = -0*w + 4*k - 57, -6 = -2*w + 4*k. List the prime factors of w.
3
Suppose 3*z = 3 + 15. Suppose -z*b + 2*b + 88 = 0. What are the prime factors of b?
2, 11
Suppose 0 = 5*u - 0*u - 45. Suppose 2*p + 1 = -3*r - 2*r, -5*r - 5 = 0. Suppose -2*c - p*c = 3*i - 13, -i - u = 4*c. List the prime factors of i.
11
Suppose j - 63 = -3*j - t, 2*t + 61 = 3*j. List the prime factors of j.
17
Let x(z) = 2*z**2 - 10*z - 8. List the prime factors of x(8).
2, 5
Let m(x) = -x**3 - 4*x**2 + 4*x + 7. Let q be m(-6). Suppose -3*a + 8*a - q = 0. List the prime factors of a.
11
Let g = 5 + 0. Suppose 2*j = j + g. Suppose 7 - j = u. What are the prime factors of u?
2
Suppose 0 = -0*l + 2*l - 74. List the prime factors of l.
37
Let c = 20 + -7. Let m = -7 + c. List the prime factors of m.
2, 3
Let p(k) = 6*k**2 + 2*k - 7. List the prime factors of p(-3).
41
What are the prime factors of (7*7)/(9/9)?
7
Let g be -6*((-2)/4)/1. Suppose 0 = -2*x - g*x. What are the prime factors of -1*(-2 - x) + 5?
7
Suppose 0 = -3*z - z. Suppose -2*x + 16 + 20 = z. List the prime factors of x.
2, 3
Suppose 5*i - i = 0. Suppose -w - 83 = -5*j, i = 3*j + 2*w - 0*w - 55. List the prime factors of j.
17
Let d(c) = 4 - 3*c**2 + 4 + 4*c**2. What are the prime factors of d(0)?
2
Suppose -20 = -6*p + p. Suppose -i = 2, -3*k - i = -k - p. List the prime factors of k.
3
Suppose 1 = 2*f - 7. List the prime factors of f.
2
Let f be (-6)/(-9) + (-20)/(-15). Let j(l) = 3*l - 3. Let a be j(3). Suppose -2*c - a + 18 = -s, f*s - 8 = 0. List the prime factors of c.
2
Suppose -2*t + 6 = t. Suppose t*c + 20 = 6*c. List the prime factors of c.
5
Let y(x) be the second derivative of x**4/12 + 11*x**3/6 + 8*x**2 + x. Suppose -10 = -2*l - 32. List the prime factors of y(l).
2
List the prime factors of ((89 - 1) + 4 + -6)/1.
2, 43
Suppose 0 = x + 3*x - 72. Suppose 3*i - 23 = -5*n - 0*i, 4*n - x = -2*i. List the prime factors of n.
2
Let k(y) = 2*y - 9. Let c be k(6). Suppose -b = 1 - c. Suppose b*l - l - 4 = 0. List the prime factors of l.
2
Let t(q) = 3*q**2 + 5*q + 2. What are the prime factors of t(-4)?
2, 3, 5
Suppose 4 = 4*v - 12. Suppose 0*f + 4*f - 3*n = 104, -3*f + 107 = 5*n. Suppose v*g - f = -3*l, -l + 9 = 2*l. What are the prime factors of g?
5
Let z = -3 - -45. What are the prime factors of z?
2, 3, 7
Let y(z) = z**2 - 7*z - 17. What are the prime factors of y(15)?
103
Let i be (3 - 6) + 3*1. Let s be (2 + -1)*(i - 1). List the prime factors of (31 - (s - 2))/2.
17
Suppose 7*l = 3*l + 40. What are the prime factors of ((-34)/(-5))/(2/l)?
2, 17
Suppose 4*u + 5*s - 6 = 0, 0 = 5*u - 4*s - 9 - 19. Suppose k - 2*k + 3*b = -6, 5*b = -u*k + 92. List the prime factors of k.
2, 3
Suppose 4*u - 4 = -0. Suppose -h = w + u, -8 = -2*w + 2*h + 10. Suppose -2*j + w*j - 6 = 0. List the prime factors of j.
3
Let t be 4/3*12/8. Let q be t*(1 - (2 - 2)). List the prime factors of (18/15)/(q/10).
2, 3
Let u(m) = 4*m**3 - 3*m**2 + 4*m - 2. Let b be u(2). Let w = b + -9. List the prime factors of w.
17
Suppose 0 = -3*d + 4 + 2. Let z be 2/8 - (-3)/(-12). Suppose z = d*x + 2*x + t - 35, -x = -3*t + 1. List the prime factors of x.
2
Suppose -45 = 2*y - 5*y. What are the prime factors of y?
3, 5
Suppose 16 + 56 = 4*h. Suppose -k + 5*f + 3 = 0, -59 = -3*k - f + 6*f. Let p = k - h. List the prime factors of p.
2, 5
Let f(y) = 8*y**2 - 1. Let t(v) = -7*v**2 + 1. Let a(l) = 4*f(l) + 3*t(l). What are the prime factors of a(2)?
43
Let l = -246 - -413. List the prime factors of l.
167
Let g(u) = 10*u + 3 + 9*u**2 - 2*u**3 + u**3 - 2*u**2. List the prime factors of g(8).
19
Let g = 689 + -397. List the prime factors of g.
2, 73
Let f = 0 - -6. Suppose -w = -f*w + 20. What are the prime factors of w?
2
Suppose -2*o - 59 + 155 = 0. List the prime factors of o.
2, 3
Suppose -1 = b - 36. Suppose 5*r - 19 = 3*l + 21, -2*r + 5*l = -b. What are the prime factors of r?
5
Let h(c) = c**3 + 6*c**2 + 3*c - 5. List the prime factors of h(-5).
5
Suppose z - 3*z + 8 = 0. Suppose 4*r - 22 = -2*w, -4*r + z = -3*w - 13. What are the prime factors of r?
5
Let r(f) be the third derivative of f**6/120 + f**5/12 + f**4/12 - f**3/2 - f**2. What are the prime factors of r(-4)?
5
Let j = 228 - 2. What are the prime factors of j?
2, 113
Suppose -6 - 10 = -2*a. Suppose a = -2*i - 10. What are the prime factors of (-7)/(-2) - i/6?
5
Suppose 2*z - 304 - 228 = 0. List the prime factors of z.
2, 7, 19
Suppose 0 = 3*y - 3 + 9. Let u = 3 + y. Suppose -2*z - u = -5. What are the prime factors of z?
2
Let r be (-5)/10 - (-6)/4. Let b be 18/9 + 3*r. Suppose -b*p - 24 = -69. List the prime factors of p.
3
Let w = 9 - 7. Suppose -3*a + v = 4*v - 42, w = -2*v. List the prime factors of a.
3, 5
Suppose 4*c - 791 = 109. What are the prime factors of c?
3, 5
Suppose -3*z + 2 + 1 = 0. Suppose z = -a + 5. Suppose a*p = -3*n + 31 - 5, -2*n = 4*p - 24. List the prime factors of p.
5
Let g = 2 - 26. Let j = g + 40. List the prime factors of j.
2
Let t(p) = -p**2 + 10*p - 12. Let g be t(8). Suppose -4*r = 5*c - 40, -g*r - 15 = -r. What are the prime factors of c?
2, 3
Suppose -4*a + 6*x + 261 = 5*x, 0 = 2*a - x - 133. What are the prime factors of a?
2
Suppose 3*v = -4*n + 31, -3*n + 5 + 19 = 3*v. Let o = n + 4. List the prime factors of o.
11
Suppose 5*l - 13*l = -176. List the prime factors of l.
2, 11
Let z be 4 + -9 - 1*-1. Let q = 0 - z. List the prime factors of q.
2
S